- 3*u. What is q(-3)?
6
Suppose -6*x + 9 + 3 = 0. Let b(s) = -2*s**3 + 9*s**2 + 3*s + 9. Let t(k) = k**3 - 4*k**2 - k - 4. Let i(c) = -2*b(c) - 5*t(c). Give i(x).
0
Let x(u) be the first derivative of -2/3*u**3 - 3 - 3*u**2 + 1/4*u**4 + 6*u. Give x(4).
14
Let w be 2/4 - 26/4. Let v = 10 + w. Let y(a) = a**2 - 1 - v*a + 3 + 2*a. Determine y(3).
5
Suppose -4 = 4*g, 3*p + 7 - 26 = 4*g. Let y(l) = -3*l + 7. What is y(p)?
-8
Suppose -4*n = -16 + 40. Let k(x) be the second derivative of x**4/12 + 4*x**3/3 + 2*x**2 + 8*x. What is k(n)?
-8
Let d(v) be the second derivative of v**5/20 + 5*v**4/12 - v**3/6 - 5*v**2/2 + 26*v. Give d(-5).
0
Let m(c) be the third derivative of c**6/120 + 7*c**5/60 + c**4/4 + 3*c**3/2 + 8*c**2. Give m(-6).
9
Let h(d) = 3*d - 1. Suppose -g - 14 = 3*w, -4*g + 3*w + 8 + 11 = 0. Let z = g + 2. Calculate h(z).
8
Let p = 6 + -1. Suppose -p*x - 12 = k, -4*k - 2*x + 4 = -2. Let d(c) be the third derivative of c**6/120 - c**5/30 - c**4/8 - c**3/6 + c**2. What is d(k)?
-1
Suppose -x = 0, 0 = 3*r - 5*r - 2*x + 2. Let y(d) = 11*d**3 + 4*d**2 - 4*d + 4. Let c(v) = -10*v**3 - 3*v**2 + 3*v - 3. Let a(q) = -3*c(q) - 2*y(q). Give a(r).
9
Let i(g) be the second derivative of -1/12*g**4 - 4*g + 0 - 1/3*g**3 + 1/2*g**2. Determine i(-3).
-2
Suppose -7*i - 2 = -5*i. Let m = 5 - 4. Let d(c) = 0 + m - 2*c + 7*c. Determine d(i).
-4
Let z(o) = 4*o + 13. Let f(q) = 2*q + 6. Let p(r) = -13*f(r) + 6*z(r). What is p(5)?
-10
Let w(c) = -c. Let n(p) = p**2 + 9*p + 1. Let x(s) = -n(s) - 3*w(s). Determine x(-5).
4
Let s(y) = 2*y**3 + 2*y**2 - y - 9. Let c(g) = -3*g**3 + 17 - 5*g**2 + 6*g + 0*g**2 - 5*g. Let m(z) = -3*c(z) - 5*s(z). Suppose 3*h - 10 = 5. What is m(h)?
4
Suppose -3*z - 31 = -4*w, 7 = w - 5*z - 22. Let c(u) = w*u - 1 - 5*u + 4. Let a = -6 - -9. What is c(a)?
0
Let h(k) = 12*k**3 - 7*k - k - 25*k**3 + 4 + 8*k**2 + 12*k**3. Determine h(7).
-3
Suppose -o - o - 5*q = 0, 5*q = 0. Let c(w) be the second derivative of -w**3/6 - 8*w. Give c(o).
0
Let z(q) = 24 - 27 + 3*q**2 + 5*q - 2*q - 2*q**2. Let u = -7 - -3. Calculate z(u).
1
Let c = 39 - 28. Let n(s) = 14*s - 5*s - c*s. Calculate n(-1).
2
Suppose -2*u - 32 = -6*u. Suppose -u = -2*f - 5*d - 24, -24 = -2*f + 5*d. Let j(g) = 0*g - 3*g + 4*g. What is j(f)?
2
Let t be (4/2)/(4/12). Let m(q) = -q + t*q**2 - q + q. Suppose -7 = 3*y - 4*c + 4, 3*y + 5 = c. Give m(y).
7
Suppose 4*i = i + 6. Let s(x) = -2*x**2 + x + 1. Determine s(i).
-5
Let i(d) = d**2 + 4*d - 2. Let j be i(-5). Let a = -1 - j. Let k(o) = -o**2 - o. Let w(r) = -6*r**2 - 2*r + 1. Let s(b) = a*k(b) + w(b). What is s(2)?
-3
Let y(f) = f + 4. Let h(v) = v + 4. Let n(i) = 6*h(i) - 5*y(i). Determine n(0).
4
Let h(s) = -3*s**3 - s**2 - 2*s - 1. Suppose 0*y + y + 1 = 0. What is h(y)?
3
Let n(a) = -a**2 + 12*a - 9. Suppose 3*k + 1 - 66 = -5*i, -2*i = 5*k - 45. What is n(i)?
11
Suppose -11 = -4*k - 5*m, 0 = -2*m - 2 - 0. Let z(y) = -y**2 + y + 8 - y + k*y. What is z(6)?
-4
Let n(y) = y**3 + 5*y**2 + 6*y + 6. Let w(u) be the first derivative of -u**4/4 - 4*u**3/3 - 3*u**2 - 5*u - 4. Let h(o) = 3*n(o) + 2*w(o). Determine h(-6).
8
Suppose -x = -2*y - 2, 2*x = -y - 4*y + 13. Suppose 3*l + 11 = g, -x*l - 3*g + g = 18. Let i(d) be the third derivative of d**5/60 + d**4/8 + d**2. Give i(l).
4
Let c(s) = -7*s**3 + 15*s**2 - 11*s - 6. Let t(m) = 4*m**3 - 8*m**2 + 6*m + 4. Let h(x) = 3*c(x) + 5*t(x). Give h(4).
6
Suppose -x = -5 + 2. Suppose 2*p - 7*p = -10. Let u(k) = 3*k + k**2 + 1 - 2*k**p + 0*k**2. What is u(x)?
1
Let y(s) = s**3 - s**2 - 1. Let c(g) = -3*g**3 + 3*g**2 + g + 3. Let u(t) = -4*c(t) - 11*y(t). Suppose 0 = -5*l + 6*l - 4. Let v = 7 - l. What is u(v)?
5
Let w(x) = x - 5. Let q be ((-540)/(-25))/((-9)/(-30)). Let v be 6/15*-1*5. Let b be 376/q - v/(-9). Determine w(b).
0
Let v(g) = g + 5. Suppose n = 3*n - 6. Suppose -n*r = -3*s + 3, -2*r - 4*s + 6 = 2. What is v(r)?
5
Let c(l) be the third derivative of -l**4/8 - l**3/6 + 6*l**2. Determine c(-1).
2
Let h(i) = i + 3. Suppose 4*o + 28 = -0*a - 2*a, -2*o = 8. What is h(a)?
-3
Let g(d) = d**3 - 8*d**2 + 10*d - 6. Suppose 27 = 5*v - 3. What is g(v)?
-18
Let r(a) = -2*a**2 + 5*a + 4. Let s be -3*(-5)/(-45)*-15. Give r(s).
-21
Let v be 3 - 0 - 2 - -2. Suppose -v*c + 3 = -3. Let x(q) = q**3 + c*q**2 - q - 2*q**2 + 2. Calculate x(0).
2
Let z(j) = -j**2 + 8*j - 2. Suppose -10 = 5*k - 45. Let v be z(k). Let r(d) = -d + 12. Let o(c) = c - 11. Let u(l) = -4*o(l) - 3*r(l). Calculate u(v).
3
Let l = -49 - -49. Let r(x) be the third derivative of l*x + 0 - x**2 + 1/60*x**6 - 1/60*x**5 + 1/2*x**3 - 1/6*x**4. What is r(2)?
7
Let d(r) be the first derivative of -r**3/3 + r**2/2 - 7. Determine d(-3).
-12
Let s(z) be the third derivative of -z**6/120 - z**5/60 + z**4/24 + z**3/6 + 29*z**2. Determine s(-2).
3
Suppose -2*b - 2*b = -20. Suppose -3*h = 3*a - 12, a + b - 1 = h. Let r(c) = c - 5. Let p(f) = 2*f - 10. Let v(k) = 4*p(k) - 7*r(k). Give v(a).
-5
Let y be ((-4)/2)/(1/(-2)). Let p(s) be the second derivative of -s**3/6 + s**2 - 3*s. Determine p(y).
-2
Suppose -r = -4*h - 1, 0*h - 2*h + 1 = -r. Let b(k) be the third derivative of -7*k**4/24 - k**3/6 - 2*k**2. Give b(h).
6
Let a(x) = 1. Let o(p) = -p + 5. Let d(j) = -2*a(j) - o(j). Suppose 0 = 5*y + 3*g + 18, -y = -0*y + 2*g + 5. Let v(w) = w + 3. Let u be v(y). Give d(u).
-7
Let q(d) = -6 + 76*d - 75*d + 4. Let a be 18/(-4) - (-2)/4. What is q(a)?
-6
Let m(b) = -10*b**2 - 5*b + 9*b**2 + 6 - 9 + 4. Determine m(-7).
-13
Let o(t) = 35*t**2 - 8*t - 3. Let u(z) = -12*z**2 + 3*z + 1. Let n(v) = -3*o(v) - 8*u(v). Let w(a) = 5*a - 1. Let b be w(0). Calculate n(b).
-8
Let l(w) be the second derivative of w**5/20 + 3*w**2 - w. Let t be (4 - 4)/(1 + -2). Determine l(t).
6
Let a(l) = l**3 + l**2 + l + 1. Suppose 24 = -2*i - 2*i. Let h = -7 - i. Determine a(h).
0
Let l(a) = a**3 + 2*a**2 + 4*a + 2. Let u be (-9)/((-18)/20) - 1. Let p(h) = -2 + 9*h**2 + h**3 + h**3 - 3*h**3. Let g be p(u). Calculate l(g).
-6
Let u(c) be the first derivative of c**2 - 4*c + 1. Suppose -4*q - 269 + 293 = 0. Determine u(q).
8
Let h(g) = 10*g**3 + g**2 - g - 1. Let y = -7 + 5. Let n be 0 + -5 + 6/3. Let j = n - y. Calculate h(j).
-9
Let b(r) = r**3 + 4*r**2 - 9*r - 2. Suppose 14*t + 29 + 55 = 0. Calculate b(t).
-20
Let m(f) be the first derivative of -f + 0*f**2 + 1/3*f**3 - 5. Give m(-3).
8
Let i(k) = -k**2 + 3*k + 2. Let y = -21 - -31. Let u be 30/50 - (-34)/y. Determine i(u).
-2
Let d(l) be the second derivative of -l**5/20 + l**4/12 + 9*l**2/2 - 2*l. Suppose 2*t + 4 - 14 = 0. Suppose 0 = t*o - 4*o. Determine d(o).
9
Let d(f) = -4*f + 2. Suppose -2*m = -3*c - 16, 7 = 3*c + c + 3*m. Let k be (2/3)/(c/6). Let r be ((4 - 0)*-1)/k. Calculate d(r).
-6
Suppose 4*y = -4*b, -10 = -5*b - y - 2. Let g(z) be the third derivative of z**b - 5/24*z**4 + 0*z + 0 + 1/6*z**3. What is g(1)?
-4
Let l(d) = 5 + d**2 - 2 - 5. Determine l(3).
7
Suppose 5*l - 4*h = 42 - 8, -l - 5*h + 30 = 0. Let k(z) = 3 - 5*z + 3*z - l + z. Calculate k(0).
-7
Suppose -2*a + 5*a = 24. Let q = a + -6. Let f(h) = q*h**2 + 0*h**2 - 5*h**2 + 1 - 2*h. Calculate f(1).
-4
Let s = -11 - -9. Let d be 3/(-1 - s/(-4)). Let k(b) = -b**3 - b**2 - 3*b - 3. Calculate k(d).
7
Let r(l) = -3*l - 7. Let t be r(-3). Let q(u) = u - 2. What is q(t)?
0
Let y(g) be the third derivative of -g**5/60 + g**3/2 - 39*g**2. Determine y(-3).
-6
Let f = -90 - -90. Let v(q) = -q**3 + q**2 + q + 8. What is v(f)?
8
Let v(z) = -3*z - 5. Let g(r) = -r**2 - 8*r + 4. Let c be g(-6). Suppose 2*y = 6*y + c. Give v(y).
7
Let d(r) = 3*r + 3. Let p be (-36)/(-15) + (-6)/(-10). Suppose 1 = 2*o - p. Suppose -o*w - 5 = k, -2 = -w - 5*k - 0. Determine d(w).
-6
Let j(w) = w**3 + w**2 - 4*w. Let m be 2/(6/(-405)*-3). Let r be 9/12 - m/12. Calculate j(r).
-6
Let q(d) = d**2 - 6*d + 5. Let l(o) = o**2 - 5*o + 4. Let a be 6/33 - (-171)/(-33). Let x(u) = a*l(u) + 4*q(u). Determine x(3).
-6
Let o(k) = 3*k + 4*k**3 - 8*k + 0*k**3 + 9 - k. Let i(y) = 5*y**3 - y**2 - 7*y + 10. Let s(z) = 5*i(z) - 6*o(z). What is s(5)?
1
Let d = 21 - 24. Let t(m) = 3*m - 3. Calculate t(d).
-12
Let v be -3*1/(3/(-35)). Suppose 5*r + 10 = v. Let f(u) = -u**2 + 3*u + 5. Calculate f(r).
-5
Let q(m) = m**2 - m + 1. Let s(k) = k**3 + 5*k**2 + k - 3. Let d(a) = q(a) - s(a). Determine d(-3).
1
Let z(r) = -4*r